{"id":109,"date":"2022-08-27T12:25:37","date_gmt":"2022-08-27T12:25:37","guid":{"rendered":"https:\/\/symposium.vietbilingual.org\/?page_id=109"},"modified":"2022-09-21T23:58:04","modified_gmt":"2022-09-21T23:58:04","slug":"registration","status":"publish","type":"page","link":"https:\/\/symposium.vietbilingual.org\/index.php\/registration\/","title":{"rendered":"Registration"},"content":{"rendered":"\t\t<div data-elementor-type=\"wp-page\" data-elementor-id=\"109\" class=\"elementor elementor-109\">\n\t\t\t\t\t\t\t\t\t<section class=\"elementor-section elementor-top-section elementor-element elementor-element-72cb628 elementor-section-boxed elementor-section-height-default elementor-section-height-default\" data-id=\"72cb628\" data-element_type=\"section\">\n\t\t\t\t\t\t<div class=\"elementor-container elementor-column-gap-default\">\n\t\t\t\t\t<div class=\"elementor-column elementor-col-100 elementor-top-column elementor-element elementor-element-7f6dcfe\" data-id=\"7f6dcfe\" data-element_type=\"column\">\n\t\t\t<div class=\"elementor-widget-wrap elementor-element-populated\">\n\t\t\t\t\t\t\t\t<div class=\"elementor-element elementor-element-c8cbbe4 elementor-widget elementor-widget-heading\" data-id=\"c8cbbe4\" data-element_type=\"widget\" data-widget_type=\"heading.default\">\n\t\t\t\t<div class=\"elementor-widget-container\">\n\t\t\t<style>\/*! elementor - v3.7.8 - 02-10-2022 *\/\n.elementor-heading-title{padding:0;margin:0;line-height:1}.elementor-widget-heading .elementor-heading-title[class*=elementor-size-]>a{color:inherit;font-size:inherit;line-height:inherit}.elementor-widget-heading .elementor-heading-title.elementor-size-small{font-size:15px}.elementor-widget-heading .elementor-heading-title.elementor-size-medium{font-size:19px}.elementor-widget-heading .elementor-heading-title.elementor-size-large{font-size:29px}.elementor-widget-heading .elementor-heading-title.elementor-size-xl{font-size:39px}.elementor-widget-heading .elementor-heading-title.elementor-size-xxl{font-size:59px}<\/style><h1 class=\"elementor-heading-title elementor-size-default\">Registration |\n\u0110\u0103ng K\u00fd<\/h1>\t\t<\/div>\n\t\t\t\t<\/div>\n\t\t\t\t\t<\/div>\n\t\t<\/div>\n\t\t\t\t\t\t\t<\/div>\n\t\t<\/section>\n\t\t\t\t<section class=\"elementor-section elementor-top-section elementor-element elementor-element-28b8e00 elementor-section-boxed elementor-section-height-default elementor-section-height-default\" data-id=\"28b8e00\" data-element_type=\"section\">\n\t\t\t\t\t\t<div class=\"elementor-container elementor-column-gap-default\">\n\t\t\t\t\t<div class=\"elementor-column elementor-col-100 elementor-top-column elementor-element elementor-element-7e0dbde\" data-id=\"7e0dbde\" data-element_type=\"column\">\n\t\t\t<div class=\"elementor-widget-wrap elementor-element-populated\">\n\t\t\t\t\t\t\t\t<div class=\"elementor-element elementor-element-553c4eb elementor-widget elementor-widget-text-editor\" data-id=\"553c4eb\" data-element_type=\"widget\" data-widget_type=\"text-editor.default\">\n\t\t\t\t<div class=\"elementor-widget-container\">\n\t\t\t<style>\/*! elementor - v3.7.8 - 02-10-2022 *\/\n.elementor-widget-text-editor.elementor-drop-cap-view-stacked .elementor-drop-cap{background-color:#818a91;color:#fff}.elementor-widget-text-editor.elementor-drop-cap-view-framed .elementor-drop-cap{color:#818a91;border:3px solid;background-color:transparent}.elementor-widget-text-editor:not(.elementor-drop-cap-view-default) .elementor-drop-cap{margin-top:8px}.elementor-widget-text-editor:not(.elementor-drop-cap-view-default) .elementor-drop-cap-letter{width:1em;height:1em}.elementor-widget-text-editor .elementor-drop-cap{float:left;text-align:center;line-height:1;font-size:50px}.elementor-widget-text-editor .elementor-drop-cap-letter{display:inline-block}<\/style>\t\t\t\t<p>Attendance is by registration as space is limited. Although registration payments are not ready if you would like to reserve a ticket or request a complimentary ticket please email: <a href=\"mailto:info@vietbilingual.org\">gathering@vietbilingual.org<\/a><\/p><p>T\u1edbi tham d\u1ef1 b\u1eb1ng c\u00e1ch ghi danh v\u00ec s\u1ed1 ch\u1ed7 c\u00f3 gi\u1edbi h\u1ea1n. M\u1eb7c d\u00f9 thanh to\u00e1n \u0111\u0103ng k\u00fd ch\u01b0a s\u1eb5n s\u00e0ng n\u1ebfu qu\u00fd v\u1ecb mu\u1ed1n \u0111\u1eb7t v\u00e9 ho\u1eb7c y\u00eau c\u1ea7u v\u00e9 mi\u1ec5n ph\u00ed, vui l\u00f2ng g\u1eedi email: <a href=\"mailto:info@vietbilingual.org\">gathering@vietbilingual.org<\/a><\/p>\t\t\t\t\t\t<\/div>\n\t\t\t\t<\/div>\n\t\t\t\t\t<\/div>\n\t\t<\/div>\n\t\t\t\t\t\t\t<\/div>\n\t\t<\/section>\n\t\t\t\t\t\t\t<\/div>\n\t\t","protected":false},"excerpt":{"rendered":"<p>Registration | \u0110\u0103ng K\u00fd Attendance is by registration as space is limited. Although registration payments are not ready if you would like to reserve a ticket or request a complimentary ticket please email: gathering@vietbilingual.org T\u1edbi tham d\u1ef1 b\u1eb1ng c\u00e1ch ghi danh v\u00ec s\u1ed1 ch\u1ed7 c\u00f3 gi\u1edbi h\u1ea1n. M\u1eb7c d\u00f9 thanh to\u00e1n \u0111\u0103ng k\u00fd ch\u01b0a s\u1eb5n &hellip;<\/p>\n<p class=\"read-more\"> <a class=\"\" href=\"https:\/\/symposium.vietbilingual.org\/index.php\/registration\/\"> <span class=\"screen-reader-text\">Registration<\/span> Read More &raquo;<\/a><\/p>\n","protected":false},"author":1,"featured_media":0,"parent":0,"menu_order":0,"comment_status":"closed","ping_status":"closed","template":"elementor_header_footer","meta":{"om_disable_all_campaigns":false,"_monsterinsights_skip_tracking":false,"_monsterinsights_sitenote_active":false,"_monsterinsights_sitenote_note":"","_monsterinsights_sitenote_category":0,"site-sidebar-layout":"default","site-content-layout":"default","ast-global-header-display":"","ast-main-header-display":"","ast-hfb-above-header-display":"","ast-hfb-below-header-display":"","ast-hfb-mobile-header-display":"","site-post-title":"","ast-breadcrumbs-content":"","ast-featured-img":"","footer-sml-layout":"","theme-transparent-header-meta":"","adv-header-id-meta":"","stick-header-meta":"","header-above-stick-meta":"","header-main-stick-meta":"","header-below-stick-meta":""},"aioseo_notices":[],"_links":{"self":[{"href":"https:\/\/symposium.vietbilingual.org\/index.php\/wp-json\/wp\/v2\/pages\/109"}],"collection":[{"href":"https:\/\/symposium.vietbilingual.org\/index.php\/wp-json\/wp\/v2\/pages"}],"about":[{"href":"https:\/\/symposium.vietbilingual.org\/index.php\/wp-json\/wp\/v2\/types\/page"}],"author":[{"embeddable":true,"href":"https:\/\/symposium.vietbilingual.org\/index.php\/wp-json\/wp\/v2\/users\/1"}],"replies":[{"embeddable":true,"href":"https:\/\/symposium.vietbilingual.org\/index.php\/wp-json\/wp\/v2\/comments?post=109"}],"version-history":[{"count":0,"href":"https:\/\/symposium.vietbilingual.org\/index.php\/wp-json\/wp\/v2\/pages\/109\/revisions"}],"wp:attachment":[{"href":"https:\/\/symposium.vietbilingual.org\/index.php\/wp-json\/wp\/v2\/media?parent=109"}],"curies":[{"name":"wp","href":"https:\/\/api.w.org\/{rel}","templated":true}]}}